3*m = -m + 24. Suppose 11*n - 255 = m*n. List the prime factors of 4/8 - n/(-2).
2, 13
Let y = -1330 - -2243. What are the prime factors of y?
11, 83
Let l = -46 - -31. Let w(k) = k**3 + 16*k**2 + 14*k - 5. Let d be w(l). Let n = d - 3. What are the prime factors of n?
7
Suppose -1 = t - 2*c, -30 = -3*t + 4*c - 9*c. Suppose 0*a + t*h - 31 = -a, 25 = 5*h. List the prime factors of a/(-36) - 170/(-12).
2, 7
Let m = 3662 + -1973. What are the prime factors of m?
3, 563
Let u be 34/(-119) + 2/7. Suppose -4*o + 214 + 46 = u. List the prime factors of o.
5, 13
Let d(s) = -9*s**2 + 5*s + 3. Let g(w) = -5*w**2 + 3*w + 2. Let m(u) = -6*d(u) + 11*g(u). Let j be m(4). Suppose j = -x + 24 + 5. List the prime factors of x.
29
Let o = 20 - 22. List the prime factors of (o + -122)/(16/(-8)).
2, 31
Suppose -10*i + 16847 + 4603 = 0. What are the prime factors of i?
3, 5, 11, 13
Let m = -2534 + 3843. List the prime factors of m.
7, 11, 17
Suppose -2*j = -3*j - 1, -2*j = -z + 5. Suppose n - 3 = -3*d, -4*d + 4 = 2*n + z*n. Let b(u) = -u**2 - 2*u + 22. List the prime factors of b(n).
2, 11
Let z = -3 + 8. Let t be 7/(-14) + 2/4 + 2. Suppose -z*p = -t*p - 51. What are the prime factors of p?
17
Suppose -10*n = 7*n - 7786. What are the prime factors of n?
2, 229
Suppose 0 = 20*u - 36*u + 23584. List the prime factors of u.
2, 11, 67
Suppose -17*i = -5*i - 744. Let j = 98 - i. What are the prime factors of j?
2, 3
Let c = 92 + 977. What are the prime factors of c?
1069
Let o(a) = 95*a**2 - a. Let y(m) = 3*m - 8. Let l be y(3). Let t be o(l). Let g = -54 + t. What are the prime factors of g?
2, 5
Suppose k - 239 = -2*o, -687 = -3*k - 5*o + 35. What are the prime factors of k?
3, 83
Let l = 53 - -1. Let s be (-2)/(-3)*3 - -1. Suppose s*o - l = 27. What are the prime factors of o?
3
Let b(q) = -6*q - 259. Let u(y) = y + 52. Let j(i) = 2*b(i) + 11*u(i). Let c be j(0). Let z = -28 + c. What are the prime factors of z?
2, 13
Let z(k) be the third derivative of -k**6/120 + k**5/30 + k**4/8 - k**3/6 + 2*k**2. Let y be z(2). Suppose 4*d + 54 = y*d. List the prime factors of d.
2, 3
Suppose -c = -3*l - 5, -5*l + 3*c = c + 10. Suppose k - 11 - 61 = l. What are the prime factors of k?
2, 3
Let b be ((-28)/6)/((-3)/9). Let p(n) be the second derivative of 5*n**3/6 - 21*n**2/2 - 94*n. List the prime factors of p(b).
7
Let v = -1854 - -2410. List the prime factors of v.
2, 139
Let d be -5 - (-96)/20 - 42/(-10). Suppose d*n - 563 + 55 = 0. What are the prime factors of n?
127
Let q be -5*(114/(-105) + 2/7). Suppose -q*s + 4*i = -2*s - 418, -2*i = -4*s + 866. What are the prime factors of s?
3, 73
Let x(p) = p**3 - 13*p**2 + 22*p - 4. Let o be x(10). List the prime factors of (-4)/42*-3 - 984/o.
2, 3
Let n = -253 + 268. What are the prime factors of n?
3, 5
Let s = -451 - -783. Suppose -5*t + 233 = -4*g + 7*g, 4*g - 4*t - s = 0. Suppose -3*a + 0*a = -g. List the prime factors of a.
3
Let h(x) = 4*x**2 + 5*x + 1. Let n(l) = l**2 + l. Let y(i) = -h(i) + 5*n(i). Let w be y(-2). Let t(f) = f**2 + 2*f + 1. List the prime factors of t(w).
2
What are the prime factors of (1500/(-450))/((-1)/594 - 0)?
2, 3, 5, 11
Let z(f) = -923*f**2 - 2*f + 1. Let i be z(1). List the prime factors of ((-2)/4)/(11/i).
2, 3, 7
Let z(o) be the first derivative of -o**4/24 + 11*o**3/6 + 5*o**2/2 - 5. Let a(s) be the second derivative of z(s). What are the prime factors of a(-8)?
19
Let x = -459 - -1119. What are the prime factors of x?
2, 3, 5, 11
Let c be 112/10 + 4/5. Suppose 34 = -c*k + 646. What are the prime factors of k?
3, 17
Suppose b - 4692 = -2*l + 2599, 0 = 2*b - 2. What are the prime factors of l?
3, 5
Let c = 58 - 126. Let d = c - -118. List the prime factors of d.
2, 5
Let p = 276 - 156. Suppose -7*y + p = -4*y. Suppose -l + 2*l = y. List the prime factors of l.
2, 5
Let w be (34/6 + (-26)/39)*-66. Let o = w - -556. What are the prime factors of o?
2, 113
Suppose -5*m = -y - 4*m + 516, 0 = 2*y - m - 1036. What are the prime factors of y?
2, 5, 13
Suppose -2*q = -3*n - 7*q + 8528, 2*n + 3*q - 5685 = 0. What are the prime factors of n?
3, 947
Let l be (-11)/2 - (-4)/(-8). Let n = l - -6. What are the prime factors of 6*2 + n/6?
2, 3
Suppose -6*w + 183 = -105. Let x = w + 35. What are the prime factors of x?
83
Let p = -1 + 0. Let h be 115 - (-8 - -4)/p. List the prime factors of 4/16 + h/4.
2, 7
Suppose -s = -5*s - 6*t + 1388, 3*s + 5*t - 1039 = 0. List the prime factors of s.
353
Let q(f) = f**3 - 34*f**2 + 50*f + 52. What are the prime factors of q(34)?
2, 3, 73
Suppose 19*o + 12*o - 44485 = 0. List the prime factors of o.
5, 7, 41
Let p(q) = 3*q**2 - 2*q - 6. Let w(u) = 4*u**2 - 2*u - 7. Let n(a) = 3*p(a) - 2*w(a). Let x be (-2)/(-3) + (-161)/21. What are the prime factors of n(x)?
59
Suppose 0 = 43*i - 35*i - 7184. What are the prime factors of i?
2, 449
Let l = -12 - -15. Suppose 4*d = -4*a + 128, -3 - 120 = -4*d - l*a. Let v = d - 15. List the prime factors of v.
2, 3
Let u = -74 + 64. List the prime factors of ((-226)/u)/(1/5).
113
Suppose 8*l - 4*k = -l + 23069, 5*k + 7708 = 3*l. What are the prime factors of l?
13, 197
Suppose -t = -4*t + 54. Suppose t*b - 13*b = 155. List the prime factors of b.
31
Suppose 72638 + 35050 = 56*k. What are the prime factors of k?
3, 641
Let t(v) = 2*v + 22. Let u be t(-9). Suppose 0 = -4*h, -972 + 157 = -5*s + u*h. List the prime factors of s.
163
Suppose 108385 = 95*v - 42*v. List the prime factors of v.
5, 409
Let a(l) = -l**3 - 4*l**2 - 4*l. Let v be a(-3). Suppose -7*c = -v*c - 4*w - 168, 5*c - 170 = -5*w. Suppose 62 = 4*j - c. List the prime factors of j.
5
Suppose -3*n - 19 = -4*k + 2*k, 0 = -3*n + 3*k - 24. Let w be (-10)/(-2 - (3 + n)). Suppose a = 2 + w. What are the prime factors of a?
7
Suppose 3*x - 8 = -d, 2*x - 3*x + 3*d = -16. Suppose 0 = 4*y + x*m - 208, 0 = -2*y - 2*y + m + 188. List the prime factors of y.
2, 3
Let p = -37 + 92. List the prime factors of p.
5, 11
Let u = -9 - -11. Let m = 2 + u. Suppose 6*x - 33 = x + 4*f, -m*f + 12 = 0. List the prime factors of x.
3
Let a(f) = -f**2 + 5*f - 1. Let g be a(2). Suppose 101 = -g*r - 154. List the prime factors of -1 - (-4 + r/3).
2, 5
Suppose -5*x - 10 - 45 = 0. Let l(s) = -s**3 - 7*s**2 - s - 15. Let z be l(-7). What are the prime factors of x/88 - 313/z?
3, 13
Let b = 26 + -23. Let q be (-4 - -6) + 3 - b. Suppose -q*m = 1 - 3, 0 = 4*l + 3*m - 151. List the prime factors of l.
37
Let k be (((-1)/4)/(-1))/((-19)/(-25612)). Suppose -3*w + k = -239. What are the prime factors of w?
2, 3
Suppose 0 = 5*n + 5*l - 1555, -1590 = -6*n + n + 2*l. Suppose 2*s + 0*s = n. Suppose 0 = -8*a + 210 + s. What are the prime factors of a?
2, 23
What are the prime factors of (-309)/((-9)/6 - 0)?
2, 103
Let l(m) = m - 3*m**3 + 170 + 5*m**3 - 3*m**3 + m**2 + 0. Let c be l(0). Suppose 8*r - 3*r = c. What are the prime factors of r?
2, 17
Suppose 0 = 2*r + 2*r - 5*t, -33 = 5*r + 2*t. What are the prime factors of r + 1/(-2)*-150?
2, 5, 7
Let r be (-460)/(-15) + (-1)/(-3). Let n = -27 + r. Suppose 0*m + n*g - 58 = -2*m, -g - 14 = -m. List the prime factors of m.
19
Suppose 27 = 9*c - 0*c. Suppose 2 = j - 0, -5*v = -c*j - 154. What are the prime factors of v?
2
Let h = 227 - 1196. Let b = h - -1434. What are the prime factors of b/25 + 4/10?
19
Let j(v) = -v**3 + 7*v**2 - 5*v + 11. Let d = 30 - 10. Let q be (-9)/15 - (-132)/d. What are the prime factors of j(q)?
17
Let j = 1971 + -618. What are the prime factors of j?
3, 11, 41
Let w = -14 + 14. Suppose 2*p + 5*o - 4*o + 1 = w, 0 = -3*p - o - 1. Suppose 3*l + p*r - 3*r - 162 = 0, 0 = -4*r + 8. List the prime factors of l.
2, 7
Let s(r) be the second derivative of r**5/20 + 13*r**4/12 - r**3/2 - 5*r**2/2 - 12*r. List the prime factors of s(-6).
5, 53
Let t(x) = -5*x + 157. What are the prime factors of t(17)?
2, 3
Let m(c) = 21*c**3 - 6*c**2 + 2*c - 8. What are the prime factors of m(3)?
7, 73
Let k = -3246 + 5079. List the prime factors of k.
3, 13, 47
Let w = -1196 - -1256. List the prime factors of w.
2, 3, 5
Suppose 3*c = 13*c - 1550. Let o = 261 - c. What are the prime factors of o?
2, 53
Let t(g) = g**3 + 8*g**2 + 9*g - 1. Suppose -2*m - 30 = m. Let s be 2/m - 72/15. List the prime factors of t(s).
29
Let w(z) = 3*z**2 - 3*z + 16. Let s = 56 + -64. What are t